4
Let u(s) = 2*s**2 + 142*s + 3704. Let k be u(-43). What is the highest common divisor of 720 and k?
144
Let d(c) = -8*c + 0*c**3 - 26 + 5 - 8*c + 19*c**2 - c**3. Let l be d(18). Let x be (-12)/((-4)/(-150)*-3). Calculate the highest common divisor of x and l.
15
Suppose 2*m = -3*c - 5 + 2, 5*m - 4*c = -65. Let w be 9/(m*(-1)/6). Suppose 4*x - 40 = 32. Calculate the highest common divisor of x and w.
6
Let s(v) = -v**2 - 9*v - 11. Let j be s(-7). Suppose 13 = q + 8, j*q = 4*n - 9. Let u = 131 - 65. Calculate the highest common factor of u and n.
6
Let s(f) = f**2 + 91*f + 363. Let w be s(-88). What is the greatest common divisor of 2475 and w?
99
Let c be (1 - (-225)/(-10))/((-4)/(-8)). Let l = c + 63. What is the greatest common divisor of 8 and l?
4
Suppose 7 = 6*y - 29. Suppose -x + 1 = z, 33 = -z + 6*z - 2*x. Suppose 4*m - 129 = -3*w, z*m - 99 = 2*m - 3*w. Calculate the highest common divisor of y and m.
6
Let v = -3455 - -3465. Calculate the highest common divisor of 25 and v.
5
Let s(l) = -16*l + 4. Let q be s(-3). Suppose 38*r + 1188 = 49*r. Let f = 147 - r. What is the highest common divisor of f and q?
13
Let r be (14/(-3))/((-9 - -15)/2214). Let d = -1198 - r. Calculate the highest common factor of 4 and d.
4
Let u = -16679 + 17469. Calculate the greatest common divisor of 330 and u.
10
Let a be (484/32)/(59/472). Let s be 6*2/(18/33). What is the greatest common divisor of a and s?
11
Suppose -f = 43 + 216. Let l = -123 - f. Calculate the highest common factor of l and 17.
17
Suppose 216*q - 285 = 215*q - o, 4*q = o + 1145. Calculate the highest common divisor of q and 66.
22
Suppose 0 = f - 5*j - 6, -2*f + 16 = 4*j + 4. Suppose 4*p = -8, 5*q - p + 38 = f*q. Calculate the greatest common factor of q and 30.
10
Let u(j) = -j**3 + 18*j**2 - 17*j + 9. Suppose -8*l = -5*l - 51. Let p be u(l). Let q be 15/3 + (-2)/(6/p). What is the greatest common divisor of 4 and q?
2
Suppose 3*u - 3 = 4*o + o, 4 = 4*u - 3*o. Let q be ((0/4)/u)/3. Suppose -15*g + 267 - 87 = q. Calculate the greatest common factor of 9 and g.
3
Let u = -434 + 472. What is the greatest common factor of 209 and u?
19
Let a(z) = 3*z**2 - 4*z + 9. Let i be a(7). Calculate the greatest common divisor of i and 72.
8
Suppose 5*z - 27098 = 4*y, -5*z + 27096 = 15*y - 18*y. Calculate the greatest common divisor of z and 42.
42
Let r(u) = -u + 17. Let y be r(15). Let l = y + 11. What is the highest common factor of l and 52?
13
Suppose 0 = 4*w - 5*o - 6055, 0 = 20*w - 19*w - 5*o - 1510. What is the greatest common factor of w and 15?
15
Let l be (12 - 560)/((-2)/4). What is the greatest common factor of 16 and l?
8
Suppose 2*s - s = 4*x + 82, -4*s + 4*x = -244. Calculate the greatest common factor of s and 7587.
27
Let a(v) = -34*v + 7. Let c be a(-7). Suppose -74*g = 3*j - 79*g - 137, -18 = -9*g. What is the greatest common factor of j and c?
49
Let d(n) be the third derivative of -10/3*n**3 + 1/60*n**5 + 0 + 0*n**4 + 9*n**2 + 0*n. Let p be d(6). What is the highest common divisor of 96 and p?
16
Suppose 8*x - 209 = -185. Suppose u + 13 = 15, -x*u = -n + 94. What is the greatest common divisor of 90 and n?
10
Suppose -4*p = -7*p + 12. Suppose -m = -p*l - 5*m - 28, m = -4. Let v be (-12)/((-30)/8 - l). What is the highest common factor of v and 24?
8
Let i be ((-4)/7*18)/(6/(-42)). Let o be 5*i/45 - -3. What is the highest common divisor of 33 and o?
11
Suppose -32 = -10*f + 48. Let z(s) = s**2 - 8*s + 1. Let r be z(7). Let v be ((-4)/r)/((-16)/(-24)). Calculate the highest common divisor of f and v.
1
Let a be -133*(3794/(-49) + 2). What is the highest common factor of 38 and a?
38
Let q = 50 + -45. Suppose -q = -8*u + 3. Let o be 52 + -1 - (-4)/u. Calculate the greatest common factor of 11 and o.
11
Let s be (-1)/(1/(-242)) + 1. Suppose -123*v - 60*v - 1237 + 4531 = 0. What is the greatest common divisor of s and v?
9
Suppose 0*g - 98 = 2*g. Let k = -3764 - -3719. Let l = k - g. Calculate the greatest common factor of l and 1.
1
Suppose -9*n + 90290 + 94840 = 0. Calculate the highest common factor of n and 68.
34
Suppose 3*b + 188 = 569. Suppose 2 = r - 4*o, 3*r = -5*o - 36 + b. What is the greatest common factor of r and 176?
22
Let j = -92 - 742. Let f = 1023 + j. Calculate the highest common divisor of 54 and f.
27
Suppose 0 = 183*z - 210*z + 270. What is the greatest common divisor of 895 and z?
5
Suppose -12*l - 665 = -1673. Suppose 82 = 3*s - b, s - 4*b - 28 + 8 = 0. What is the highest common divisor of s and l?
28
Suppose s = -10*s - 44. Suppose -6*j = -j - 3*p - 66, 4*j + 2*p = 44. Let a be j/(s + 8) + 7. Calculate the greatest common factor of 80 and a.
10
Let i = 1424 + -2954. Let z be (-540)/(-34) + (-180)/i. Calculate the highest common factor of 1136 and z.
16
Let t(y) = -2*y + 2. Let q be t(-5). Let b = 15304 + -43748. Let w be (-10)/(-4) - b/104. What is the greatest common divisor of w and q?
12
Suppose 33*k - 37*k = 48. Let g = -3 - k. Let l(v) = -v**2 + 7*v + 24. Let a be l(g). Calculate the greatest common divisor of 18 and a.
6
Suppose 2*o = -o + 6. Suppose o*w = -w + 30. Suppose -7*i + w*i = 108. What is the greatest common divisor of 24 and i?
12
Let u = -44 - -16. Let j = u + 55. Suppose j*r - 220 = 17*r. What is the greatest common divisor of 88 and r?
22
Suppose 0 = -4*n + 2*w - 7*w - 299, -3*w - 293 = 4*n. Let a = 27 - n. What is the greatest common factor of 42 and a?
14
Suppose 0 = -f - 4*r + 5937, r + 129 - 128 = 0. Calculate the highest common factor of f and 13.
13
Suppose 951 = 45*a - 1074. What is the greatest common divisor of a and 2550?
15
Let n = 1977 + -1975. Let p be 0/(-2*1/(-2)). Suppose -z + 6*f = 2*f - 31, n*z - 5*f - 65 = p. Calculate the greatest common factor of z and 175.
35
Let j = -8795 + 10069. What is the greatest common factor of j and 273?
91
Let v(x) = 31*x**3 + 220*x**2 + 2*x + 42. Let u be v(-7). Let g be (94/6 - -1)*6. Calculate the highest common divisor of g and u.
25
Suppose 48*h - 51*h - m + 250 = 0, 5*h = 4*m + 377. What is the greatest common factor of 13716 and h?
27
Let q(i) = -63*i - 17. Let d(l) = -32*l - 9. Let b(s) = 5*d(s) - 3*q(s). Let o be b(2). What is the greatest common divisor of 16 and o?
16
Suppose l - 35*b + 36*b - 224 = 0, 0 = -3*l - 5*b + 660. Suppose x - 48 = 21. What is the greatest common factor of l and x?
23
Let z(t) = 82*t + 15453. Let s be z(149). Calculate the greatest common divisor of s and 413.
413
Suppose 2*g - 201 = -7*h + 6*h, -5*h = g - 105. Calculate the highest common factor of 1875 and g.
25
Suppose 2*q = v + 2*v - 1, 2*v + 10 = 4*q. Suppose i = -5*a - 2*i - 2, q*a + 2*i = 0. Suppose 9*h - 44 = -35. What is the greatest common factor of h and a?
1
Suppose 167 = 4*n + 7. Suppose 230*j - 233*j + 390 = 0. Suppose 131*q - 10 = j*q. What is the highest common divisor of n and q?
10
Suppose -5*c = 8 - 33. Let v be c/5 + 2 + 1. Suppose -4*i = 5*f - 256, -i - 3*i = 3*f - 152. Calculate the greatest common factor of f and v.
4
Suppose 4028*a + 600 = 4040*a. Suppose j - 70 = 3*q, 2*q - 350 = -5*j + q. Calculate the highest common factor of j and a.
10
Suppose -2*j + 3*k = -4303 - 4068, -3*j + 12550 = 2*k. What is the highest common divisor of j and 16?
8
Suppose -66*z - 2 = -67*z. Suppose -26 = -z*t - d + 42, -3*t = -3*d - 120. Calculate the greatest common divisor of 468 and t.
36
Suppose -9000 = -14*l - 22*l. Let k = l + -220. What is the greatest common factor of 390 and k?
30
Suppose 325*a - 187515 = 2*a + 118043. What is the greatest common factor of a and 774?
86
Suppose -3*b - b + 12 = 0. Suppose 29*a + b*a = 1664. What is the highest common factor of 39 and a?
13
Let o be (-5 - (-1 + -1)) + 39. Let a(w) = 26*w**3 + w**2 - 6*w + 4. Let s be a(2). What is the greatest common divisor of o and s?
12
Let n = 5577 - 4709. What is the greatest common divisor of n and 28?
28
Let u(w) = -w**2 - 67 + 30 + 26 - 13*w + 33. Let g be u(0). Suppose -n + 146 - 36 = 0. Calculate the greatest common factor of n and g.
22
Let s be 736 + 16 + -8 - -8. Let r = 105 + -58. Calculate the greatest common factor of s and r.
47
Let n(z) = 50*z**3 - 2*z**2 + 1. Let q be n(1). Let y = q + -35. Let v = -2710 + 2712. Calculate the highest common divisor of y and v.
2
Let f(l) = -161*l. Let r be f(-1). Suppo